{"id":3032,"date":"2020-04-24T11:46:43","date_gmt":"2020-04-24T11:46:43","guid":{"rendered":"http:\/\/www.deichphoto.com\/?page_id=3032"},"modified":"2026-02-16T18:12:20","modified_gmt":"2026-02-16T18:12:20","slug":"sam","status":"publish","type":"page","link":"http:\/\/www.deichphoto.com\/?page_id=3032","title":{"rendered":"\u00dcber"},"content":{"rendered":"\n<p>Moin, ich bin Rainer Schmidt, Fotograf aus Bremen. <\/p>\n\n\n\n<p>Ich liebe Fussball-Fotos. Schon als Jugendlicher habe ich oft am Spielfeldrand gesessen und fotografiert. Meine Bilder erz\u00e4hlen Geschichten . Mit einem authentischen Blick f\u00fcr Atmosph\u00e4re und Action versuche ich in ausdrucksstarken Fotos, die Emotionen, Dynamik und den besonderen Moment festzuhalten \u2013 nah am Geschehen, mit klarer Bildsprache und Stil. Wenn Dich meine Arbeit anspricht. w\u00fcrde ich mich \u00fcber eine Kontaktaufnahme freuen.<\/p>\n\n\n\n<p><\/p>\n\n\n\n<p><\/p>\n\n\n\n<figure class=\"wp-block-gallery has-nested-images columns-default is-cropped wp-block-gallery-1 is-layout-flex wp-block-gallery-is-layout-flex\">\n<figure class=\"wp-block-image size-large\"><img loading=\"lazy\" decoding=\"async\" width=\"500\" height=\"333\" data-id=\"3043\" src=\"http:\/\/www.deichphoto.com\/wp-content\/uploads\/2020\/04\/Rainer.jpg\" alt=\"\" class=\"wp-image-3043\" srcset=\"http:\/\/www.deichphoto.com\/wp-content\/uploads\/2020\/04\/Rainer.jpg 500w, http:\/\/www.deichphoto.com\/wp-content\/uploads\/2020\/04\/Rainer-300x200.jpg 300w, http:\/\/www.deichphoto.com\/wp-content\/uploads\/2020\/04\/Rainer-50x33.jpg 50w\" sizes=\"auto, (max-width: 500px) 100vw, 500px\" \/><\/figure>\n<\/figure>\n","protected":false},"excerpt":{"rendered":"<p>Moin, ich bin Rainer Schmidt, Fotograf aus Bremen. Ich liebe Fussball-Fotos. Schon als Jugendlicher habe ich oft am Spielfeldrand gesessen und fotografiert. Meine Bilder erz\u00e4hlen Geschichten . Mit einem authentischen Blick f\u00fcr Atmosph\u00e4re und Action versuche ich in ausdrucksstarken Fotos, die Emotionen, Dynamik und den besonderen Moment festzuhalten \u2013 nah am Geschehen, mit klarer Bildsprache...<\/p>\n","protected":false},"author":1,"featured_media":0,"parent":0,"menu_order":0,"comment_status":"closed","ping_status":"closed","template":"","meta":{"pp_embeds":"{}","footnotes":""},"class_list":["post-3032","page","type-page","status-publish","hentry"],"_links":{"self":[{"href":"http:\/\/www.deichphoto.com\/index.php?rest_route=\/wp\/v2\/pages\/3032","targetHints":{"allow":["GET"]}}],"collection":[{"href":"http:\/\/www.deichphoto.com\/index.php?rest_route=\/wp\/v2\/pages"}],"about":[{"href":"http:\/\/www.deichphoto.com\/index.php?rest_route=\/wp\/v2\/types\/page"}],"author":[{"embeddable":true,"href":"http:\/\/www.deichphoto.com\/index.php?rest_route=\/wp\/v2\/users\/1"}],"replies":[{"embeddable":true,"href":"http:\/\/www.deichphoto.com\/index.php?rest_route=%2Fwp%2Fv2%2Fcomments&post=3032"}],"version-history":[{"count":25,"href":"http:\/\/www.deichphoto.com\/index.php?rest_route=\/wp\/v2\/pages\/3032\/revisions"}],"predecessor-version":[{"id":3390,"href":"http:\/\/www.deichphoto.com\/index.php?rest_route=\/wp\/v2\/pages\/3032\/revisions\/3390"}],"wp:attachment":[{"href":"http:\/\/www.deichphoto.com\/index.php?rest_route=%2Fwp%2Fv2%2Fmedia&parent=3032"}],"curies":[{"name":"wp","href":"https:\/\/api.w.org\/{rel}","templated":true}]}}

Über

<p>Moin, ich bin Rainer Schmidt, Fotograf aus Bremen. </p>



<p>Ich liebe Fussball-Fotos. Schon als Jugendlicher habe ich oft am Spielfeldrand gesessen und fotografiert. Meine Bilder erzählen Geschichten . Mit einem authentischen Blick für Atmosphäre und Action versuche ich in ausdrucksstarken Fotos, die Emotionen, Dynamik und den besonderen Moment festzuhalten – nah am Geschehen, mit klarer Bildsprache und Stil. Wenn Dich meine Arbeit anspricht. würde ich mich über eine Kontaktaufnahme freuen.</p>



<p></p>



<p></p>



<figure class="wp-block-gallery has-nested-images columns-default is-cropped wp-block-gallery-1 is-layout-flex wp-block-gallery-is-layout-flex">
<figure class="wp-block-image size-large"><img loading="lazy" decoding="async" width="500" height="333" data-id="3043" src="http://www.deichphoto.com/wp-content/uploads/2020/04/Rainer.jpg" alt="" class="wp-image-3043" srcset="http://www.deichphoto.com/wp-content/uploads/2020/04/Rainer.jpg 500w, http://www.deichphoto.com/wp-content/uploads/2020/04/Rainer-300x200.jpg 300w, http://www.deichphoto.com/wp-content/uploads/2020/04/Rainer-50x33.jpg 50w" sizes="auto, (max-width: 500px) 100vw, 500px" /></figure>
</figure>

<p>Moin, ich bin Rainer Schmidt, Fotograf aus Bremen. Ich liebe Fussball-Fotos. Schon als Jugendlicher habe ich oft am Spielfeldrand gesessen und fotografiert. Meine Bilder erzählen Geschichten . Mit einem authentischen Blick für Atmosphäre und Action versuche ich in ausdrucksstarken Fotos, die Emotionen, Dynamik und den besonderen Moment festzuhalten – nah am Geschehen, mit klarer Bildsprache...</p>
